Calculate the remainder when 8 is divided by r.
2
Let t = 26 + -36. Let d(o) = -o - 6. Calculate the remainder when 11 is divided by d(t).
3
Suppose -4*w - 4*h + 97 = -187, -w - 5*h = -79. Let n(f) = -f**3 + 3*f**2 + 2*f + 2. What is the remainder when w is divided by n(-2)?
15
What is the remainder when 2/(-2)*-19*1 is divided by (-4)/(-6)*(-300)/(-40)?
4
Let v(h) = -h**3 + 7*h**2 - 5*h - 1. Let d be v(6). Suppose 3*y + d - 38 = 0. Calculate the remainder when 41 is divided by y.
8
What is the remainder when 1*-3*(-3 + 70/(-3)) is divided by 16?
15
Let r = -4 + 2. Calculate the remainder when 6 is divided by (-3 - r)/((-3)/12).
2
Suppose -90 = -3*w - 21. Calculate the remainder when 66 is divided by w.
20
Suppose 36 = 3*z - 60. Suppose a + z = 3*a. What is the remainder when (-1)/((-138)/(-141) - 1) is divided by a?
15
Let p = -12 - -20. Suppose -4 + 16 = 4*y. What is the remainder when p is divided by y?
2
Suppose 12*g - 37 = 107. Calculate the remainder when 70 is divided by g.
10
Suppose -2*c + 7*c = x + 269, 58 = c + 4*x. Let z = 78 - c. What is the remainder when z is divided by 9?
6
Suppose -3*v = -30 - 24. What is the remainder when 33 is divided by v?
15
Let h(j) = -6*j - 2. Suppose 6*y + 16 = 2*y, 3*y + 6 = 2*q. What is the remainder when 47 is divided by h(q)?
15
Suppose -24 = -2*p - 8. Suppose 15 = s - p. What is the remainder when 66 is divided by s?
20
Calculate the remainder when (2/(-4))/(1/(-148)) is divided by 19.
17
Let s(w) be the second derivative of 2*w**3/3 - 9*w**2/2 + 3*w. What is the remainder when (-1)/(1/86*-2) is divided by s(6)?
13
Let w(z) = z**2 - 4*z + 7. Calculate the remainder when (-24)/(-40)*(-2)/(2/(-55)) is divided by w(5).
9
Let d(h) = 0*h**2 - 3 - 2*h + 2 - 57*h**3 - 2*h**2. What is the remainder when d(-1) is divided by 19?
18
Suppose 0*z = -2*z + 54. Let d = 329 - 222. Calculate the remainder when d is divided by z.
26
Suppose 121 + 54 = 5*v. Let k be (10 + -2)/(4/10). Let q = k - 8. Calculate the remainder when v is divided by q.
11
Let t(h) = 15*h - 4. Let r(i) = 10*i - 3. Let d(c) = -7*r(c) + 5*t(c). Suppose 0 = 5*q - 3*q - 12. What is the remainder when d(2) is divided by q?
5
Let u(o) = -2 + o**2 - 4*o + o**3 + 4 + 4*o**2 + 7*o. Calculate the remainder when u(-3) is divided by 4.
3
Suppose 4*k - 16 + 0 = -a, 3*k - 29 = -5*a. What is the remainder when 10 is divided by k?
1
Let v(j) = j**2 + 8*j. What is the remainder when v(-11) is divided by 6?
3
Let p = 4 - -87. Calculate the remainder when p is divided by 23.
22
Let s be 42/9*-3 - -2. Let a = 15 + s. Suppose 4*q + 9 = i - 15, -5*q - 52 = -4*i. What is the remainder when i is divided by a?
2
What is the remainder when 109 is divided by (-45)/(-30)*28/3?
11
Let q = -74 + 49. Let k = -101 + 171. Let o = k + q. What is the remainder when o is divided by 12?
9
Let k(b) = -3*b + 15. Calculate the remainder when 80 is divided by k(-4).
26
Suppose 202 + 238 = 5*x. Calculate the remainder when x is divided by 10.
8
Let v(i) = -4*i - 41. Calculate the remainder when 21 is divided by v(-12).
0
Let a(g) = 8*g**2 + 11*g + 3. Suppose -7*w + 2*w - 2*r = -83, 4*r - 61 = -3*w. What is the remainder when a(-3) is divided by w?
12
Let b(h) = h**2. Let k be -1 + -1 - 57/3. What is the remainder when (-1)/(-4) + k/(-12) is divided by b(-1)?
0
Let j(t) = t**2 - 12*t - 5. What is the remainder when 28 is divided by j(13)?
4
Let i be (-24)/(-10)*(-4 - -14). Let j = -1 - -11. Suppose -b + i = -j. What is the remainder when b is divided by 18?
16
Suppose 0 = 2*y - 3 - 7. Suppose 5*a + 40 = 125. What is the remainder when a is divided by y?
2
Suppose 36 = 3*u - 5*i, 15 = 2*u + 4*i - 9. What is the remainder when 59 is divided by u?
11
Let z(f) = 11*f + 5*f - 9*f - 1. Let j(v) = 2*v + 1. Let r be j(1). Calculate the remainder when z(r) is divided by 11.
9
Suppose 3*p - p - 6 = 0. Let u be (-2)/2 + (-6)/p. Calculate the remainder when 44 is divided by (-43)/u - 2/(-3).
14
Let q(g) = g**3 - g**2 - g + 29. Suppose -90 = -3*a - 9. Suppose -5*j + 48 = -a. What is the remainder when q(0) is divided by j?
14
Let m = -48 + 186. Suppose 0 = 4*i - m + 34. Let z = i + -14. Calculate the remainder when z is divided by 7.
5
Let f(b) = -b**2 + 10*b - 12. Calculate the remainder when 21 is divided by f(6).
9
Let k(c) = c**2 - 7*c - 4. Suppose -72 = -3*x - x - w, -w = -4*x + 80. What is the remainder when k(-6) is divided by x?
17
Let c(j) = -j**3 - 3*j**2 + 4*j - 5. Calculate the remainder when c(-5) is divided by 9.
7
Suppose 5*c - 3*c = 8. Suppose x + 89 = 2*s - c*x, -s + 2*x = -42. Calculate the remainder when s is divided by 11.
10
What is the remainder when 75 is divided by -4 + 1 + (5 - 9) + 14?
5
Suppose -c - 3*c - 58 = -5*w, -3*c = -9. Calculate the remainder when 109 is divided by w.
11
Let m = -19 - -37. Let t = m + -7. Calculate the remainder when t is divided by 6.
5
Let b = 17 - 49. Suppose 5*j + 2*m = -3*m + 175, 0 = -5*j + 2*m + 147. What is the remainder when j is divided by (-1)/(-1*(-2)/b)?
15
Let o be 16/(-2)*(-6)/8. Let z = o - -17. Calculate the remainder when z is divided by 12.
11
Let d(z) = -z**2 + z + 2. Let a be d(3). Let p = a - -35. Calculate the remainder when p is divided by 11.
9
Let h = -20 - -32. Let j(z) = 2*z**3 - 4*z**2 - 4*z - 3. Calculate the remainder when j(4) is divided by h.
9
Let t = 32 - 22. Suppose 0*c + 18 = 3*c. Suppose 0 = 3*p - c*p + 18. What is the remainder when t is divided by p?
4
Suppose 3*x - s = 10, 2*x + s + s - 4 = 0. Suppose 3*r + 4*g = 110, -x*r - 5*g = -2*g - 108. What is the remainder when r is divided by 74/6 - (-1)/(-3)?
10
Suppose -s - 2 = -3*t - 0, 4*s + 8 = 3*t. Let o(w) = 2*w**2 - w + 3. Let h be o(-3). Let r = h - s. Calculate the remainder when r is divided by 14.
12
Let l(g) = 4*g**2 + g. Suppose o + 4 = -0*o. Let s = -3 - o. What is the remainder when 18 is divided by l(s)?
3
Let v(m) = -9*m - m**2 + 12*m + 2*m**2 + 1. Calculate the remainder when 2 is divided by v(-3).
0
Suppose 3 = -j - q, -2*j - 5*q + q = 6. Let h(n) = -n**2 + 6*n - 1. Calculate the remainder when (j/(-2) + -2)*-38 is divided by h(4).
5
Suppose 0 = c - 2 - 0. Calculate the remainder when 2 - ((c - 2) + -24) is divided by 14.
12
Suppose -f = -7 - 6. Calculate the remainder when 2/(2/23 - 0) is divided by f.
10
Let l = 35 - 21. What is the remainder when l is divided by 4?
2
Suppose -33 = -0*j - 3*j. Let b = -5 + j. Calculate the remainder when b/(-4)*(-168)/18 is divided by 5.
4
Let j = 5 + -3. Suppose 7*y - j*y - 25 = 0. Calculate the remainder when 25/3 + 11/(-33) is divided by y.
3
Suppose 2*s = 4*s - 520. Let y = -186 + s. What is the remainder when y is divided by 25?
24
Suppose 5 = 3*t - 0*d - d, 4*t - d = 8. Calculate the remainder when (159/6)/(t/6) is divided by 18.
17
Let o(w) = -w**3 + 4*w**2 - 4*w + 4. Let f be o(3). Suppose -11 = -n - f. What is the remainder when 29 is divided by n?
9
Let s = 15 + -6. Suppose f = 40 + s. What is the remainder when f is divided by 25?
24
Let q be (-4)/(-14) + (-26)/(-7). Let t be -1*(3 - 2) + 5. Suppose 0 = -3*i + q*i - t. Calculate the remainder when 11 is divided by i.
3
Let c be (-8)/(-14) + 580/(-35). Let h = 19 + c. What is the remainder when h is divided by 3?
0
Suppose 0 = 4*u + r - 60, u - 2 = r + 8. Calculate the remainder when 137 is divided by u.
11
Suppose b + b + 3*r + 5 = 0, -3*r - 1 = -2*b. What is the remainder when (-2)/(-1) + 2 + b is divided by 2?
1
Suppose -l - 4*b + 34 = 0, -4*b - 11 + 1 = -l. What is the remainder when 173 is divided by l?
19
Let a be (-609)/28 - 1/4. Let w = a + 43. Suppose 2*o - b - w = -2*b, -2*b = -o + 23. Calculate the remainder when 25 is divided by o.
12
Calculate the remainder when -4 - -7*(4 - 0) is divided by 15.
9
Suppose 0*w - w + 38 = 0. Suppose -4*f + w = -x + 4*x, f + 38 = 4*x. Suppose -x = -0*j - 2*j. What is the remainder when 18 is divided by j?
3
Suppose 2*c + 5*q + 1 = -0, 0 = 4*c - q - 53. Let s(p) = p**3 + 3*p**2 - 2*p - 1. What is the remainder when c is divided by s(-3)?
2
Let f be 4 - (-4)/(1 + -3). Suppose -4*j - f*w + 9 = 1, 0 = -4*w + 16. Suppose 16 + j = r. Calculate the remainder when r is divided by 6.
4
Suppose 5*r = 5*x - 160, 12 - 40 = -x + 3*r. Calculate the remainder when x is divided by 7.
6
Suppose 9 = 3*p, -4*f + 2*p =